{"id":82,"date":"2022-02-01T09:23:18","date_gmt":"2022-02-01T08:23:18","guid":{"rendered":"https:\/\/reikinatur.com\/?page_id=82"},"modified":"2025-08-15T11:16:11","modified_gmt":"2025-08-15T09:16:11","slug":"pourquoi-consulter-2","status":"publish","type":"page","link":"https:\/\/reikinatur.com\/index.php\/pourquoi-consulter-2\/","title":{"rendered":"Dans quel cadre faire une s\u00e9ance Reiki?"},"content":{"rendered":"\n<p style=\"font-size:16px\">D\u2019une personne \u00e0 une autres, d\u2019une s\u00e9ance \u00e0 l\u2018autre, le ressenti sera diff\u00e9rent\u2026<\/p>\n\n\n\n<p class=\"has-text-align-center has-medium-font-size\"><strong><u><span style=\"color:#fa2dd8\" class=\"has-inline-color\">Chaque s\u00e9ance est unique&nbsp;!!!<\/span><\/u><\/strong><\/p>\n\n\n\n<p class=\"has-normal-font-size\">&nbsp;L\u2019\u00e9nergie Reiki va \u00ab aller \u00bb \u00e0 l\u2019endroit o\u00f9 le corps en a le plus besoin. Ainsi, les r\u00e9sultats sont variables en fonction des besoins de la personne au moment du soin. <\/p>\n\n\n<div class=\"wp-block-image\">\n<figure class=\"aligncenter size-full is-resized\"><img loading=\"lazy\" decoding=\"async\" width=\"900\" height=\"358\" src=\"https:\/\/reikinatur.com\/wp-content\/uploads\/2022\/02\/effet-du-reiki.jpg\" alt=\"\" class=\"wp-image-187\" style=\"width:732px;height:291px\" srcset=\"https:\/\/reikinatur.com\/wp-content\/uploads\/2022\/02\/effet-du-reiki.jpg 900w, https:\/\/reikinatur.com\/wp-content\/uploads\/2022\/02\/effet-du-reiki-300x119.jpg 300w, https:\/\/reikinatur.com\/wp-content\/uploads\/2022\/02\/effet-du-reiki-768x305.jpg 768w\" sizes=\"auto, (max-width: 900px) 100vw, 900px\" \/><\/figure>\n<\/div>\n\n\n<p class=\"has-normal-font-size\">Les effets peuvent \u00eatre diverses&nbsp;: <\/p>\n\n\n\n<ul style=\"font-size:16px\" class=\"wp-block-list\">\n<li>Une grande d\u00e9tente pouvant aller jusqu\u2019\u00e0 l\u2019endormissement\u2026<\/li>\n\n\n\n<li>Une sensation de bien-\u00eatre, de calme, de paix, de l\u00e2cher-prise apr\u00e8s la s\u00e9ance,<\/li>\n\n\n\n<li>Une am\u00e9lioration de la qualit\u00e9 d\u2019endormissement et du sommeil,<\/li>\n\n\n\n<li>Une lib\u00e9ration \u00e9motionnelle enfoui depuis de nombreuses ann\u00e9es,<\/li>\n\n\n\n<li>Une baisse du stress et des sympt\u00f4mes d\u00e9pressifs,<\/li>\n\n\n\n<li>Une meilleure immunit\u00e9<\/li>\n\n\n\n<li>Une am\u00e9lioration de la qualit\u00e9 de vie, notamment des personnes atteintes de maladies comme le cancer en agissant sur la fatigue, la douleur, l\u2019anxi\u00e9t\u00e9, etc\u2026<\/li>\n<\/ul>\n\n\n\n<p><\/p>\n","protected":false},"excerpt":{"rendered":"<p>D\u2019une personne \u00e0 une autres, d\u2019une s\u00e9ance \u00e0 l\u2018autre, le ressenti sera diff\u00e9rent\u2026 Chaque s\u00e9ance est unique&nbsp;!!! &nbsp;L\u2019\u00e9nergie Reiki va \u00ab aller \u00bb \u00e0 l\u2019endroit o\u00f9 le corps en a le plus besoin. Ainsi, les r\u00e9sultats sont variables en fonction des besoins de la personne au moment du soin. Les effets peuvent \u00eatre diverses&nbsp;:<\/p>\n","protected":false},"author":1,"featured_media":491,"parent":0,"menu_order":0,"comment_status":"closed","ping_status":"closed","template":"","meta":{"footnotes":""},"class_list":["post-82","page","type-page","status-publish","has-post-thumbnail"],"_links":{"self":[{"href":"https:\/\/reikinatur.com\/index.php\/wp-json\/wp\/v2\/pages\/82","targetHints":{"allow":["GET"]}}],"collection":[{"href":"https:\/\/reikinatur.com\/index.php\/wp-json\/wp\/v2\/pages"}],"about":[{"href":"https:\/\/reikinatur.com\/index.php\/wp-json\/wp\/v2\/types\/page"}],"author":[{"embeddable":true,"href":"https:\/\/reikinatur.com\/index.php\/wp-json\/wp\/v2\/users\/1"}],"replies":[{"embeddable":true,"href":"https:\/\/reikinatur.com\/index.php\/wp-json\/wp\/v2\/comments?post=82"}],"version-history":[{"count":6,"href":"https:\/\/reikinatur.com\/index.php\/wp-json\/wp\/v2\/pages\/82\/revisions"}],"predecessor-version":[{"id":1758,"href":"https:\/\/reikinatur.com\/index.php\/wp-json\/wp\/v2\/pages\/82\/revisions\/1758"}],"wp:featuredmedia":[{"embeddable":true,"href":"https:\/\/reikinatur.com\/index.php\/wp-json\/wp\/v2\/media\/491"}],"wp:attachment":[{"href":"https:\/\/reikinatur.com\/index.php\/wp-json\/wp\/v2\/media?parent=82"}],"curies":[{"name":"wp","href":"https:\/\/api.w.org\/{rel}","templated":true}]}}