{"id":515,"date":"2022-02-27T14:28:57","date_gmt":"2022-02-27T13:28:57","guid":{"rendered":"https:\/\/reikinatur.com\/?page_id=515"},"modified":"2025-08-15T10:39:35","modified_gmt":"2025-08-15T08:39:35","slug":"les-techniques-manuelle-chirologie","status":"publish","type":"page","link":"https:\/\/reikinatur.com\/index.php\/les-techniques-manuelle-chirologie\/","title":{"rendered":"La gemmoth\u00e9rapie"},"content":{"rendered":"\n<p style=\"font-size:16px\"> La gemmoth\u00e9rapie est une forme de phytoth\u00e9rapie qui utilise <strong><span style=\"color:#820082\" class=\"has-inline-color\">les bourgeons et les jeunes pousses de plantes<\/span><\/strong>, elle se distingue en employant la partie embryonnaires des v\u00e9g\u00e9taux afin de soigner certaines affections. Contrairement \u00e0 la phytoth\u00e9rapie, qui se sert des \u00e9l\u00e9ments adultes de la plante (feuilles, fleurs, \u00e9corces, racines, plante enti\u00e8re).<\/p>\n\n\n\n<div class=\"wp-block-media-text alignwide is-stacked-on-mobile\"><figure class=\"wp-block-media-text__media\"><img loading=\"lazy\" decoding=\"async\" width=\"411\" height=\"123\" src=\"https:\/\/reikinatur.com\/wp-content\/uploads\/2022\/03\/naturo-gemmo-bande.jpg\" alt=\"\" class=\"wp-image-779 size-full\" srcset=\"https:\/\/reikinatur.com\/wp-content\/uploads\/2022\/03\/naturo-gemmo-bande.jpg 411w, https:\/\/reikinatur.com\/wp-content\/uploads\/2022\/03\/naturo-gemmo-bande-300x90.jpg 300w\" sizes=\"auto, (max-width: 411px) 100vw, 411px\" \/><\/figure><div class=\"wp-block-media-text__content\">\n<p style=\"font-size:16px\">Le <strong>bourgeon<\/strong>, constitu\u00e9 de tissus embryonnaires, contient toute <span style=\"color:#fa2dd8\" class=\"has-inline-color\">l\u2019<strong>\u00e9nergie vitale<\/strong><\/span><strong><span style=\"color:#fa2dd8\" class=\"has-inline-color\"> <\/span><\/strong><span style=\"color:#fa2dd8\" class=\"has-inline-color\"><strong>concentr\u00e9e et les principes actifs<\/strong> <\/span>n\u00e9cessaires au d\u00e9veloppement de l&rsquo;arbre en devenir.  la <strong>grande efficacit\u00e9 d\u2019action<\/strong> des extraits de bourgeons, est qu&rsquo;il renferme a eux seul les propri\u00e9t\u00e9s des fleurs, des fruits et des feuilles . Le bourgeon est en quelque sorte le <span style=\"color:#00cc99\" class=\"has-inline-color\"><strong>\u00abtotum\u00bb concentr\u00e9 de la plante<\/strong>.<\/span><\/p>\n<\/div><\/div>\n\n\n\n<p class=\"has-medium-font-size\"><strong><span style=\"color:#63a01c\" class=\"has-inline-color\"> Cr\u00e9ation du mac\u00e9rat-m\u00e8re<\/span><\/strong> <\/p>\n\n\n\n<p style=\"font-size:16px\">R\u00e9colter au printemps, les bourgeons sont mis en mac\u00e9rations dans <strong>un m\u00e9lange eau-alcool-glyc\u00e9rine pendant 20 jours<\/strong>.  L\u2019extrait obtenu porte le nom de mac\u00e9rat concentr\u00e9 car il ne subit aucune dilution.<\/p>\n\n\n<div class=\"wp-block-image is-style-rounded\">\n<figure class=\"aligncenter size-full\"><img loading=\"lazy\" decoding=\"async\" width=\"271\" height=\"186\" src=\"https:\/\/reikinatur.com\/wp-content\/uploads\/2022\/03\/naturo-gemmo-tube-plantes.jpg\" alt=\"\" class=\"wp-image-782\"\/><\/figure>\n<\/div>\n\n\n<p class=\"has-medium-font-size\"><strong><span style=\"color:#63a01c\" class=\"has-inline-color\">L&rsquo;utilisation de la gemmoth\u00e9rapie<\/span><\/strong><\/p>\n\n\n\n<p style=\"font-size:16px\">On les utilise par<strong><span style=\"color:#820082\" class=\"has-inline-color\"> voie orale<\/span> <\/strong>en tant que compl\u00e9ment alimentaire \u00e0 base de plantes, pour leur effet de drainage sur l&rsquo;organisme. En effet, chaque mac\u00e9rat de bourgeons va agir en profondeur, sur le terrain, en r\u00e9\u00e9quilibrant certains processus physiologiques d\u00e9r\u00e9gl\u00e9s. Ainsi, les mac\u00e9rats de bourgeons sont particuli\u00e8rement <strong><span style=\"color:#fa2dd8\" class=\"has-inline-color\">efficaces en cas d&rsquo;affections chroniques et leur utilisation se fait plut\u00f4t au long cours par cures de trois semaines.<\/span><\/strong><\/p>\n\n\n\n<div class=\"wp-block-media-text alignwide has-media-on-the-right is-stacked-on-mobile is-vertically-aligned-center\"><div class=\"wp-block-media-text__content\">\n<p style=\"font-size:16px\"><strong>Pour adulte et adolescent<\/strong> : <strong>5 \u00e0 16\u00a0gouttes par jour<\/strong> dans un verre d&rsquo;eau (ou pures), 15 minutes avant le repas, pendant 3 semaines. Commencer par 5 gouttes et augmenter au fur et \u00e0 mesure\u00a0(soit d&rsquo;une goutte par jour jusqu&rsquo;\u00e0 15, soit 5 gouttes la premi\u00e8re semaine, 10 la deuxi\u00e8me et 15 la derni\u00e8re). Une cure dure 3 semaines et peut \u00eatre renouvel\u00e9e apr\u00e8s 1 semaine de pause<\/p>\n<\/div><figure class=\"wp-block-media-text__media\"><img loading=\"lazy\" decoding=\"async\" width=\"840\" height=\"330\" src=\"https:\/\/reikinatur.com\/wp-content\/uploads\/2022\/03\/naturo-gemmo-goutte-gemo.jpg\" alt=\"\" class=\"wp-image-781 size-full\" srcset=\"https:\/\/reikinatur.com\/wp-content\/uploads\/2022\/03\/naturo-gemmo-goutte-gemo.jpg 840w, https:\/\/reikinatur.com\/wp-content\/uploads\/2022\/03\/naturo-gemmo-goutte-gemo-300x118.jpg 300w, https:\/\/reikinatur.com\/wp-content\/uploads\/2022\/03\/naturo-gemmo-goutte-gemo-768x302.jpg 768w\" sizes=\"auto, (max-width: 840px) 100vw, 840px\" \/><\/figure><\/div>\n\n\n\n<p><a href=\"https:\/\/reikinatur.com\/index.php\/la-boite-a-outil-du-naturopathe\/\">RETOUR \u00c0 LA BO\u00ceTE \u00c0 OUTILS<\/a><\/p>\n\n\n\n<p><\/p>\n","protected":false},"excerpt":{"rendered":"<p>La gemmoth\u00e9rapie est une forme de phytoth\u00e9rapie qui utilise les bourgeons et les jeunes pousses de plantes, elle se distingue en employant la partie embryonnaires des v\u00e9g\u00e9taux afin de soigner certaines affections. Contrairement \u00e0 la phytoth\u00e9rapie, qui se sert des \u00e9l\u00e9ments adultes de la plante (feuilles, fleurs, \u00e9corces, racines, plante enti\u00e8re). Le bourgeon, constitu\u00e9 de tissus embryonnaires, contient toute l\u2019\u00e9nergie vitale concentr\u00e9e et les principes actifs n\u00e9cessaires au d\u00e9veloppement de l&rsquo;arbre en devenir. la grande efficacit\u00e9 d\u2019action des extraits de bourgeons, est qu&rsquo;il renferme a eux seul les propri\u00e9t\u00e9s des fleurs, des fruits et des feuilles . Le bourgeon est en quelque sorte le \u00abtotum\u00bb concentr\u00e9 de la plante. Cr\u00e9ation du mac\u00e9rat-m\u00e8re R\u00e9colter au printemps, les bourgeons sont mis en mac\u00e9rations dans un m\u00e9lange eau-alcool-glyc\u00e9rine pendant 20 jours. L\u2019extrait obtenu porte le nom de mac\u00e9rat concentr\u00e9 car il ne subit aucune dilution. L&rsquo;utilisation de la gemmoth\u00e9rapie On les utilise par&hellip;<\/p>\n<p> <a class=\"more-link\" href=\"https:\/\/reikinatur.com\/index.php\/les-techniques-manuelle-chirologie\/\">Read more<\/a><\/p>\n","protected":false},"author":1,"featured_media":785,"parent":0,"menu_order":0,"comment_status":"closed","ping_status":"closed","template":"","meta":{"footnotes":""},"class_list":["post-515","page","type-page","status-publish","has-post-thumbnail"],"_links":{"self":[{"href":"https:\/\/reikinatur.com\/index.php\/wp-json\/wp\/v2\/pages\/515","targetHints":{"allow":["GET"]}}],"collection":[{"href":"https:\/\/reikinatur.com\/index.php\/wp-json\/wp\/v2\/pages"}],"about":[{"href":"https:\/\/reikinatur.com\/index.php\/wp-json\/wp\/v2\/types\/page"}],"author":[{"embeddable":true,"href":"https:\/\/reikinatur.com\/index.php\/wp-json\/wp\/v2\/users\/1"}],"replies":[{"embeddable":true,"href":"https:\/\/reikinatur.com\/index.php\/wp-json\/wp\/v2\/comments?post=515"}],"version-history":[{"count":6,"href":"https:\/\/reikinatur.com\/index.php\/wp-json\/wp\/v2\/pages\/515\/revisions"}],"predecessor-version":[{"id":1780,"href":"https:\/\/reikinatur.com\/index.php\/wp-json\/wp\/v2\/pages\/515\/revisions\/1780"}],"wp:featuredmedia":[{"embeddable":true,"href":"https:\/\/reikinatur.com\/index.php\/wp-json\/wp\/v2\/media\/785"}],"wp:attachment":[{"href":"https:\/\/reikinatur.com\/index.php\/wp-json\/wp\/v2\/media?parent=515"}],"curies":[{"name":"wp","href":"https:\/\/api.w.org\/{rel}","templated":true}]}}