{"id":496,"date":"2022-02-23T16:52:30","date_gmt":"2022-02-23T15:52:30","guid":{"rendered":"https:\/\/reikinatur.com\/?page_id=496"},"modified":"2025-08-15T10:34:26","modified_gmt":"2025-08-15T08:34:26","slug":"test-2","status":"publish","type":"page","link":"https:\/\/reikinatur.com\/index.php\/test-2\/","title":{"rendered":"Gestion des \u00e9motions"},"content":{"rendered":"\n<p style=\"font-size:16px\"> Les \u00e9motions font parti int\u00e9grante de notre quotidiens, elle nous informe de notre \u00e9tat d&rsquo;\u00eatre \u00e0 chaque instant.<\/p>\n\n\n\n<p style=\"font-size:16px\">L&rsquo;\u00e9motion est un ph\u00e9nom\u00e8ne qui d\u00e9signe : l\u2019op\u00e9ration d\u2019un ensemble de modalit\u00e9s psychologiques fondamentales qui d\u00e9terminent et guident les interactions de tout organisme avec son entourage. <\/p>\n\n\n\n<p style=\"font-size:16px\">La notion d\u2019\u00ab \u00e9motion \u00bb sert \u00e0 indiquer des r\u00e9ponses complexes ou \u00ab multi-componentielles \u00bb (Scherer, 1984), c\u2019est-\u00e0-dire compos\u00e9es de plusieurs r\u00e9ponses, qu\u2019elles soient physiologiques, motrices, cognitives, affectives et\/ou ressenties. Chacune de ces r\u00e9ponses, suscit\u00e9e par des stimuli et d\u00e9pendante de la situation du moment, qui r\u00e9sulte de l\u2019interaction de ces modalit\u00e9s de base. <\/p>\n\n\n\n<p style=\"font-size:16px\">On peut identifier 8 grandes \u00e9motions : la joie, l&rsquo;attirance , la peur, la surprise, la tristesse, le d\u00e9go\u00fbt, la col\u00e8re et l&rsquo;anticipation <\/p>\n\n\n<div class=\"wp-block-image is-style-rounded\">\n<figure class=\"aligncenter size-full\"><img loading=\"lazy\" decoding=\"async\" width=\"539\" height=\"553\" src=\"https:\/\/reikinatur.com\/wp-content\/uploads\/2022\/03\/naturo-emo-fleur-de-lemo-1.png\" alt=\"\" class=\"wp-image-762\" srcset=\"https:\/\/reikinatur.com\/wp-content\/uploads\/2022\/03\/naturo-emo-fleur-de-lemo-1.png 539w, https:\/\/reikinatur.com\/wp-content\/uploads\/2022\/03\/naturo-emo-fleur-de-lemo-1-292x300.png 292w\" sizes=\"auto, (max-width: 539px) 100vw, 539px\" \/><\/figure>\n<\/div>\n\n\n<p style=\"font-size:16px\">La plupart du temps, nous sommes capables de r\u00e9guler nos \u00e9motions, elles surgissent tr\u00e8s rapidement et disparaissent \u00e9galement assez vite. Cependant, quand l\u2019\u00e9motion dure, cela peut devenir un probl\u00e8me. <strong><span style=\"color:#787777\" class=\"has-inline-color\">Par exemple, de la tristesse ressentie jour apr\u00e8s jour peut conduire \u00e0 une d\u00e9pression<\/span><\/strong>.<\/p>\n\n\n\n<p style=\"font-size:16px\">Un autre probl\u00e8me peut survenir c&rsquo;est la <strong><span style=\"color:#00cc99\" class=\"has-inline-color\">d\u00e9r\u00e9gulation \u00e9motionnelle<\/span><\/strong>. Elle se manifeste par une sensibilit\u00e9 exag\u00e9r\u00e9e aux stimuli, une intensit\u00e9 avec une fr\u00e9quence plus \u00e9lev\u00e9e des \u00e9motions, et un retour \u00e0 la normale tr\u00e8s lent, ce qui peut amener \u00e0 des r\u00e9actions comportementales disproportionn\u00e9es <strong><span style=\"color:#787777\" class=\"has-inline-color\">comme la violence<\/span><\/strong>. Un des grands stimuli actuelle est <span style=\"color:#fa2dd8\" class=\"has-inline-color\"><strong>le stress.<\/strong><\/span><\/p>\n\n\n\n<p class=\"has-medium-font-size\"><strong><span style=\"color:#63a01c\" class=\"has-inline-color\">Le stress<\/span><\/strong><\/p>\n\n\n\n<p style=\"font-size:16px\">Fl\u00e9aux de notre soci\u00e9t\u00e9 actuelle le stress peut se d\u00e9crire en trois phases.<\/p>\n\n\n\n<ul class=\"wp-block-list\">\n<li style=\"font-size:16px\"><strong><span style=\"color:#0a7873\" class=\"has-inline-color\">La phase d\u2019alarme<\/span><span style=\"color:#fa2dd8\" class=\"has-inline-color\"> <\/span><\/strong>: c&rsquo;est lorsque l\u2019organisme est face \u00e0 une contrainte ou une agression ext\u00e9rieure, il va dans un premier temps \u00e9valuer la situation et \u00e9valuer ses capacit\u00e9s \u00e0 faire face cette situation. . On l\u2019identifie gr\u00e2ce \u00e0 une respiration et un pouls acc\u00e9l\u00e9r\u00e9s, ainsi que des mains moites.<\/li>\n\n\n\n<li style=\"font-size:16px\"><span style=\"color:#0a7873\" class=\"has-inline-color\"><strong>la phase d\u2019adaptation<\/strong> <\/span>: Apr\u00e8s quelques minutes, le corps lib\u00e9rera du cortisol et de l\u2019aldost\u00e9rone, ainsi que d\u2019autres hormones. . Elle va permette \u00e0 l\u2019organisme de se pr\u00e9server de l\u2019\u00e9puisement en compensant par des d\u00e9penses \u00e9nerg\u00e9tiques et min\u00e9rales. Lors de cette phase, la personne choisira entre deux strat\u00e9gies\u00a0: l\u2019active (r\u00e9solution du probl\u00e8me en prenant le taureau par les cornes) ou passive (effort pour r\u00e9duire ou \u00e9liminer les \u00e9motions). Dans les deux cas, <span style=\"color:#fa2dd8\" class=\"has-inline-color\"><strong>la personne agit<\/strong><\/span>. Ce qui <strong><span style=\"color:#00cc99\" class=\"has-inline-color\">am\u00e8nera \u00e0 une action<\/span><\/strong>.<\/li>\n\n\n\n<li style=\"font-size:16px\"><strong><span style=\"color:#0a7873\" class=\"has-inline-color\">la phase d\u2019\u00e9puisement<\/span><\/strong> : <strong>Si la situation dure trop longtemps <\/strong>sans \u00eatre r\u00e9gl\u00e9, alors la corps enverra des signes de d\u00e9s\u00e9quilibre comme le manque de sommeil, les probl\u00e8mes digestifs, etc\u2026A ce stade le corps et le psychisme sont totalement affaiblie ce qui peut provoquer un burnout ou conduire \u00e0 des maladies.<\/li>\n<\/ul>\n\n\n\n<p style=\"font-size:16px\">Il est donc tr\u00e8s important de s&rsquo;\u00e9couter et d&rsquo;\u00e9couter les r\u00e9actions de notre corps qui sont les signes avant-gardiste d&rsquo;un quelconque d\u00e9s\u00e9quilibre. Je pourrai vous accompagner pour faire face \u00e0 des \u00e9motions trop envahissante.<\/p>\n\n\n\n<font face=\"albertus\"> <p class=\"has-text-align-center\" style=\"font-size:16px\"><span style=\"color:#820082\" class=\"has-inline-color\"> <strong>\u00ab\u00a0s&rsquo;\u00e9couter et \u00e9couter les r\u00e9actions de son corps \u00a0\u00bb <\/strong><\/span><\/p><\/font>\n\n\n\n<div class=\"wp-block-columns are-vertically-aligned-center is-layout-flex wp-container-core-columns-is-layout-9d6595d7 wp-block-columns-is-layout-flex\">\n<div class=\"wp-block-column is-vertically-aligned-center is-layout-flow wp-block-column-is-layout-flow\" style=\"flex-basis:100%\">\n<div class=\"wp-block-columns is-layout-flex wp-container-core-columns-is-layout-9d6595d7 wp-block-columns-is-layout-flex\">\n<div class=\"wp-block-column is-layout-flow wp-block-column-is-layout-flow\"><div class=\"wp-block-image is-style-rounded\">\n<figure class=\"aligncenter size-large\"><img loading=\"lazy\" decoding=\"async\" width=\"1024\" height=\"387\" src=\"https:\/\/reikinatur.com\/wp-content\/uploads\/2022\/03\/naturo-emo-stress-1024x387.png\" alt=\"\" class=\"wp-image-764\" srcset=\"https:\/\/reikinatur.com\/wp-content\/uploads\/2022\/03\/naturo-emo-stress-1024x387.png 1024w, https:\/\/reikinatur.com\/wp-content\/uploads\/2022\/03\/naturo-emo-stress-300x113.png 300w, https:\/\/reikinatur.com\/wp-content\/uploads\/2022\/03\/naturo-emo-stress-768x290.png 768w, https:\/\/reikinatur.com\/wp-content\/uploads\/2022\/03\/naturo-emo-stress.png 1120w\" sizes=\"auto, (max-width: 1024px) 100vw, 1024px\" \/><\/figure>\n<\/div><\/div>\n\n\n\n<div class=\"wp-block-column is-layout-flow wp-block-column-is-layout-flow\">\n<p><\/p>\n\n\n\n<p><\/p>\n\n\n\n<p class=\"has-text-align-center\">ou<\/p>\n<\/div>\n\n\n\n<div class=\"wp-block-column is-layout-flow wp-block-column-is-layout-flow\">\n<figure class=\"wp-block-image size-full is-resized is-style-rounded\"><img loading=\"lazy\" decoding=\"async\" width=\"600\" height=\"400\" src=\"https:\/\/reikinatur.com\/wp-content\/uploads\/2022\/03\/naturo-emo-gestion.jpeg\" alt=\"\" class=\"wp-image-763\" style=\"width:257px;height:171px\" srcset=\"https:\/\/reikinatur.com\/wp-content\/uploads\/2022\/03\/naturo-emo-gestion.jpeg 600w, https:\/\/reikinatur.com\/wp-content\/uploads\/2022\/03\/naturo-emo-gestion-300x200.jpeg 300w\" sizes=\"auto, (max-width: 600px) 100vw, 600px\" \/><\/figure>\n<\/div>\n<\/div>\n<\/div>\n<\/div>\n\n\n\n<p class=\"has-medium-font-size\"><strong><span style=\"color:#63a01c\" class=\"has-inline-color\">Solutions face aux \u00e9motions<\/span><\/strong> <\/p>\n\n\n\n<p style=\"font-size:16px\">Face \u00e0 une surcharge \u00e9motionnelle, le naturopathe devra nourrir et apaiser le syst\u00e8me nerveux. Pour cela, il pourra agir sur l&rsquo;organisme gr\u00e2ce \u00e0 diff\u00e9rents moyens :  <\/p>\n\n\n\n<ul class=\"wp-block-list\">\n<li style=\"font-size:16px\"><strong><span style=\"color:#fa2dd8\" class=\"has-inline-color\">l&rsquo;alimentation<\/span><\/strong> : l&rsquo;apport en magn\u00e9sium, en om\u00e9ga 3 , en tryptophane, en s\u00e9l\u00e9nium&#8230; <\/li>\n\n\n\n<li style=\"font-size:16px\"><strong><span style=\"color:#fa2dd8\" class=\"has-inline-color\">le sommeil<\/span><\/strong> : le sommeil est le plus grand r\u00e9parateur de notre syst\u00e8me nerveux<\/li>\n\n\n\n<li style=\"font-size:16px\"><strong><span style=\"color:#fa2dd8\" class=\"has-inline-color\">limiter les perturbations<\/span><\/strong> : les produits chimiques,  les produits toxiques, la pollution \u00e9lectromagn\u00e9tique&#8230;<\/li>\n\n\n\n<li style=\"font-size:16px\"><strong><span style=\"color:#fa2dd8\" class=\"has-inline-color\">les fleurs de Bach<\/span><\/strong><\/li>\n\n\n\n<li style=\"font-size:16px\"><strong><span style=\"color:#fa2dd8\" class=\"has-inline-color\">les huiles essentielles<\/span><\/strong><\/li>\n\n\n\n<li style=\"font-size:16px\"><strong><span style=\"color:#fa2dd8\" class=\"has-inline-color\">l&rsquo;activit\u00e9 physique <\/span><\/strong>: jardinage, marche, v\u00e9lo, natation&#8230;<\/li>\n\n\n\n<li style=\"font-size:16px\"><strong><span style=\"color:#fa2dd8\" class=\"has-inline-color\">la relaxation<\/span><\/strong> : la m\u00e9ditation, le yoga, la coh\u00e9rence cardiaque, le Do In &#8230;<\/li>\n\n\n\n<li style=\"font-size:16px\"><strong><span style=\"color:#fa2dd8\" class=\"has-inline-color\">les techniques de respirations<\/span><\/strong> :  la respiration profonde (aide dans la d\u00e9tente, le soulagement du stress mais aussi le sommeil, la perte de poids &#8230;) ; respiration yogique, respiration en pleine conscience &#8230; <\/li>\n\n\n\n<li style=\"font-size:16px\"><strong><span style=\"color:#fa2dd8\" class=\"has-inline-color\">les bains dans la nature <\/span><\/strong>: bain de for\u00eat, marche dans l&rsquo;eau&#8230; <\/li>\n\n\n\n<li style=\"font-size:16px\"><strong><span style=\"color:#fa2dd8\" class=\"has-inline-color\">le Reiki <\/span><\/strong><\/li>\n<\/ul>\n\n\n\n<p style=\"font-size:16px\">Et bien d&rsquo;autres encore&#8230;<\/p>\n\n\n\n<p style=\"font-size:16px\">Il sera essentiel pour la personne <strong><span style=\"color:#820082\" class=\"has-inline-color\">d&rsquo;identifier la ou les \u00e9motion(s), ainsi que  la cause du ou des probl\u00e8me(s), et la cause de la cause du probl\u00e8me !!!<\/span><\/strong><\/p>\n\n\n<div class=\"wp-block-image is-style-default\">\n<figure class=\"aligncenter size-large is-resized\"><img loading=\"lazy\" decoding=\"async\" width=\"683\" height=\"1024\" src=\"https:\/\/reikinatur.com\/wp-content\/uploads\/2022\/03\/naturo-emo-meditaion-683x1024.jpg\" alt=\"\" class=\"wp-image-755\" style=\"width:228px;height:341px\" srcset=\"https:\/\/reikinatur.com\/wp-content\/uploads\/2022\/03\/naturo-emo-meditaion-683x1024.jpg 683w, https:\/\/reikinatur.com\/wp-content\/uploads\/2022\/03\/naturo-emo-meditaion-200x300.jpg 200w, https:\/\/reikinatur.com\/wp-content\/uploads\/2022\/03\/naturo-emo-meditaion-768x1152.jpg 768w, https:\/\/reikinatur.com\/wp-content\/uploads\/2022\/03\/naturo-emo-meditaion.jpg 1000w\" sizes=\"auto, (max-width: 683px) 100vw, 683px\" \/><\/figure>\n<\/div>\n\n\n<p><a href=\"https:\/\/reikinatur.com\/index.php\/la-boite-a-outil-du-naturopathe\/\"><a href=\"https:\/\/reikinatur.com\/index.php\/la-boite-a-outil-du-naturopathe\/\">RETOUR \u00c0 LA BO\u00ceTE \u00c0 OUTILS<\/a><\/a><\/p>\n","protected":false},"excerpt":{"rendered":"<p>Les \u00e9motions font parti int\u00e9grante de notre quotidiens, elle nous informe de notre \u00e9tat d&rsquo;\u00eatre \u00e0 chaque instant. L&rsquo;\u00e9motion est un ph\u00e9nom\u00e8ne qui d\u00e9signe : l\u2019op\u00e9ration d\u2019un ensemble de modalit\u00e9s psychologiques fondamentales qui d\u00e9terminent et guident les interactions de tout organisme avec son entourage. La notion d\u2019\u00ab \u00e9motion \u00bb sert \u00e0 indiquer des r\u00e9ponses complexes ou \u00ab multi-componentielles \u00bb (Scherer, 1984), c\u2019est-\u00e0-dire compos\u00e9es de plusieurs r\u00e9ponses, qu\u2019elles soient physiologiques, motrices, cognitives, affectives et\/ou ressenties. Chacune de ces r\u00e9ponses, suscit\u00e9e par des stimuli et d\u00e9pendante de la situation du moment, qui r\u00e9sulte de l\u2019interaction de ces modalit\u00e9s de base. On peut identifier 8 grandes \u00e9motions : la joie, l&rsquo;attirance , la peur, la surprise, la tristesse, le d\u00e9go\u00fbt, la col\u00e8re et l&rsquo;anticipation La plupart du temps, nous sommes capables de r\u00e9guler nos \u00e9motions, elles surgissent tr\u00e8s rapidement et disparaissent \u00e9galement assez vite. Cependant, quand l\u2019\u00e9motion dure, cela peut devenir un probl\u00e8me.&hellip;<\/p>\n<p> <a class=\"more-link\" href=\"https:\/\/reikinatur.com\/index.php\/test-2\/\">Read more<\/a><\/p>\n","protected":false},"author":1,"featured_media":761,"parent":0,"menu_order":0,"comment_status":"closed","ping_status":"closed","template":"","meta":{"footnotes":""},"class_list":["post-496","page","type-page","status-publish","has-post-thumbnail"],"_links":{"self":[{"href":"https:\/\/reikinatur.com\/index.php\/wp-json\/wp\/v2\/pages\/496","targetHints":{"allow":["GET"]}}],"collection":[{"href":"https:\/\/reikinatur.com\/index.php\/wp-json\/wp\/v2\/pages"}],"about":[{"href":"https:\/\/reikinatur.com\/index.php\/wp-json\/wp\/v2\/types\/page"}],"author":[{"embeddable":true,"href":"https:\/\/reikinatur.com\/index.php\/wp-json\/wp\/v2\/users\/1"}],"replies":[{"embeddable":true,"href":"https:\/\/reikinatur.com\/index.php\/wp-json\/wp\/v2\/comments?post=496"}],"version-history":[{"count":22,"href":"https:\/\/reikinatur.com\/index.php\/wp-json\/wp\/v2\/pages\/496\/revisions"}],"predecessor-version":[{"id":1773,"href":"https:\/\/reikinatur.com\/index.php\/wp-json\/wp\/v2\/pages\/496\/revisions\/1773"}],"wp:featuredmedia":[{"embeddable":true,"href":"https:\/\/reikinatur.com\/index.php\/wp-json\/wp\/v2\/media\/761"}],"wp:attachment":[{"href":"https:\/\/reikinatur.com\/index.php\/wp-json\/wp\/v2\/media?parent=496"}],"curies":[{"name":"wp","href":"https:\/\/api.w.org\/{rel}","templated":true}]}}