{"id":47,"date":"2022-01-31T09:55:24","date_gmt":"2022-01-31T08:55:24","guid":{"rendered":"https:\/\/reikinatur.com\/?page_id=47"},"modified":"2026-04-13T09:36:28","modified_gmt":"2026-04-13T07:36:28","slug":"accueil","status":"publish","type":"page","link":"https:\/\/reikinatur.com\/","title":{"rendered":"Accueil"},"content":{"rendered":"\n<div class=\"wp-block-media-text alignwide is-stacked-on-mobile is-vertically-aligned-center\" style=\"grid-template-columns:15% auto\"><figure class=\"wp-block-media-text__media\"><img loading=\"lazy\" decoding=\"async\" width=\"768\" height=\"1024\" src=\"https:\/\/reikinatur.com\/wp-content\/uploads\/2022\/02\/kelly-1-edited-768x1024.jpg\" alt=\"\" class=\"wp-image-580 size-full\" srcset=\"https:\/\/reikinatur.com\/wp-content\/uploads\/2022\/02\/kelly-1-edited-768x1024.jpg 768w, https:\/\/reikinatur.com\/wp-content\/uploads\/2022\/02\/kelly-1-edited-225x300.jpg 225w, https:\/\/reikinatur.com\/wp-content\/uploads\/2022\/02\/kelly-1-edited-1152x1536.jpg 1152w, https:\/\/reikinatur.com\/wp-content\/uploads\/2022\/02\/kelly-1-edited.jpg 1247w\" sizes=\"auto, (max-width: 768px) 100vw, 768px\" \/><\/figure><div class=\"wp-block-media-text__content\">\n<p class=\"has-text-align-center has-medium-font-size\"><strong>Bienvenue,<\/strong><\/p>\n\n\n\n<p style=\"font-size:15px\">Je suis <em><strong>Kelly LEBORRE<\/strong><\/em>,  <strong>Ma\u00eetre-Enseignant Reiki<\/strong>, <strong>Naturopathe<\/strong>, <strong>Sonoth\u00e9rapeute<\/strong>, sp\u00e9cialis\u00e9e dans l\u2019accompagnement holistique du bien-\u00eatre physique, \u00e9motionnel et \u00e9nerg\u00e9tique. Je pratique \u00e9galement le <strong>Recouvrement d\u2019\u00c2me, le soin de l\u2019Ut\u00e9rus, le soin de Cristal.<\/strong><\/p>\n\n\n\n<p class=\"has-text-align-center\"><strong>\u00ab\u00a0<em>Personne n&rsquo;arrive sur notre chemin par hasard<\/em>\u00a0\u00bb !!<\/strong><\/p>\n\n\n\n<p style=\"font-size:15px\">Autant que je m\u2019en souvienne, j\u2019ai toujours \u00e9t\u00e9 proche de la nature et des m\u00e9thodes de grand-m\u00e8re\u2026<\/p>\n\n\n\n<p style=\"font-size:15px\">Apr\u00e8s avoir contribu\u00e9 \u00e0 servir mon pays pendant 18 ans, j\u2019ai senti le besoin de contribuer diff\u00e9remment au bien-\u00eatre des autres.<\/p>\n\n\n\n<p style=\"font-size:15px\">C\u2019est \u00e0 la suite d\u2019une mission, que j\u2019ai d\u00e9couvert l\u2019impact que pouvait avoir les soins \u00e9nerg\u00e9tiques. Durant ces ann\u00e9es, l\u2019univers a mis sur mon chemin des \u00eatres qui m\u2019ont fait d\u00e9couvrir mon potentiel et mon chemin de vie. Et c\u2019est ainsi que ma vie a pris un tournant\u2026 aujourd&rsquo;hui je me consacre pleinement au bien-\u00eatre des autres \u00e0 travers le voyage int\u00e9rieur et la sant\u00e9.<\/p>\n\n\n\n<p style=\"font-size:15px\">Mon objectif est de proposer un accompagnement global et personnalis\u00e9, en tenant compte de chaque individu dans sa globalit\u00e9 \u2014 corps, esprit, \u00e9motions et \u00e9nergie \u2014 pour favoriser un mieux-\u00eatre durable et une meilleure connaissance de soi.<\/p>\n\n\n\n<figure class=\"wp-block-gallery has-nested-images columns-default is-cropped wp-block-gallery-1 is-layout-flex wp-block-gallery-is-layout-flex\">\n<figure class=\"wp-block-image size-full\"><img loading=\"lazy\" decoding=\"async\" width=\"1024\" height=\"1024\" data-id=\"1880\" src=\"https:\/\/reikinatur.com\/wp-content\/uploads\/2026\/04\/ChatGPT-Image-2-mars-2026-11_02_50.png\" alt=\"\" class=\"wp-image-1880\" srcset=\"https:\/\/reikinatur.com\/wp-content\/uploads\/2026\/04\/ChatGPT-Image-2-mars-2026-11_02_50.png 1024w, https:\/\/reikinatur.com\/wp-content\/uploads\/2026\/04\/ChatGPT-Image-2-mars-2026-11_02_50-300x300.png 300w, https:\/\/reikinatur.com\/wp-content\/uploads\/2026\/04\/ChatGPT-Image-2-mars-2026-11_02_50-150x150.png 150w, https:\/\/reikinatur.com\/wp-content\/uploads\/2026\/04\/ChatGPT-Image-2-mars-2026-11_02_50-768x768.png 768w\" sizes=\"auto, (max-width: 1024px) 100vw, 1024px\" \/><\/figure>\n\n\n\n<figure class=\"wp-block-image size-large\"><img loading=\"lazy\" decoding=\"async\" width=\"1024\" height=\"573\" data-id=\"1875\" src=\"https:\/\/reikinatur.com\/wp-content\/uploads\/2026\/03\/QR-code-Site-1024x573.jpg\" alt=\"\" class=\"wp-image-1875\" srcset=\"https:\/\/reikinatur.com\/wp-content\/uploads\/2026\/03\/QR-code-Site-1024x573.jpg 1024w, https:\/\/reikinatur.com\/wp-content\/uploads\/2026\/03\/QR-code-Site-300x168.jpg 300w, https:\/\/reikinatur.com\/wp-content\/uploads\/2026\/03\/QR-code-Site-768x430.jpg 768w, https:\/\/reikinatur.com\/wp-content\/uploads\/2026\/03\/QR-code-Site-1536x860.jpg 1536w, https:\/\/reikinatur.com\/wp-content\/uploads\/2026\/03\/QR-code-Site.jpg 1600w\" sizes=\"auto, (max-width: 1024px) 100vw, 1024px\" \/><\/figure>\n<\/figure>\n<\/div><\/div>\n\n\n\n<div class=\"wp-block-group\"><div class=\"wp-block-group__inner-container is-layout-constrained wp-block-group-is-layout-constrained\">\n<div class=\"wp-block-columns is-layout-flex wp-container-core-columns-is-layout-9d6595d7 wp-block-columns-is-layout-flex\">\n<div class=\"wp-block-column is-layout-flow wp-block-column-is-layout-flow\">\n<div class=\"wp-block-columns is-layout-flex wp-container-core-columns-is-layout-9d6595d7 wp-block-columns-is-layout-flex\">\n<div class=\"wp-block-column is-layout-flow wp-block-column-is-layout-flow\">\n<p class=\"has-text-align-center has-background has-medium-font-size\" style=\"background-color:#baf17c\"> <strong>Les \u00c9v\u00e8nements du Moments <\/strong><\/p>\n\n\n\n<ul class=\"wp-block-list\">\n<li><strong>Formation <\/strong> : les dates sont 2026 sont en ligne ! N&rsquo;h\u00e9sitez pas \u00e0 me contacter pour tous renseignement et pour inscrire !!<\/li>\n\n\n\n<li><strong>Initiation aux pendules divinatoire<\/strong> le dimanche 03 Mai<\/li>\n\n\n\n<li><strong>\u00c9v\u00e8nements ext\u00e9rieur<\/strong> : Vous pourrez me retrouvez au salon de: &#8211; <strong>Plougoum<\/strong> : dimanche 19 avril \/   <strong>La for\u00eat Fouenan<\/strong> : weekend 19 et 20 septembre \/ <strong>PENCRAN<\/strong> : weekend 03 et 04 octobre \/ <\/li>\n<\/ul>\n\n\n\n<ul class=\"wp-block-list\">\n<li><strong>Salon de Landerneau 2027 <\/strong>: le dimanche 07 F\u00e9vrier<\/li>\n<\/ul>\n<\/div>\n<\/div>\n<\/div>\n<\/div>\n<\/div><\/div>\n\n\n\n<p>SIRET: 831 290 473 00014<\/p>\n","protected":false},"excerpt":{"rendered":"<p>Les \u00c9v\u00e8nements du Moments SIRET: 831 290 473 00014<\/p>\n","protected":false},"author":1,"featured_media":834,"parent":0,"menu_order":0,"comment_status":"closed","ping_status":"closed","template":"","meta":{"footnotes":""},"class_list":["post-47","page","type-page","status-publish","has-post-thumbnail"],"_links":{"self":[{"href":"https:\/\/reikinatur.com\/index.php\/wp-json\/wp\/v2\/pages\/47","targetHints":{"allow":["GET"]}}],"collection":[{"href":"https:\/\/reikinatur.com\/index.php\/wp-json\/wp\/v2\/pages"}],"about":[{"href":"https:\/\/reikinatur.com\/index.php\/wp-json\/wp\/v2\/types\/page"}],"author":[{"embeddable":true,"href":"https:\/\/reikinatur.com\/index.php\/wp-json\/wp\/v2\/users\/1"}],"replies":[{"embeddable":true,"href":"https:\/\/reikinatur.com\/index.php\/wp-json\/wp\/v2\/comments?post=47"}],"version-history":[{"count":106,"href":"https:\/\/reikinatur.com\/index.php\/wp-json\/wp\/v2\/pages\/47\/revisions"}],"predecessor-version":[{"id":1881,"href":"https:\/\/reikinatur.com\/index.php\/wp-json\/wp\/v2\/pages\/47\/revisions\/1881"}],"wp:featuredmedia":[{"embeddable":true,"href":"https:\/\/reikinatur.com\/index.php\/wp-json\/wp\/v2\/media\/834"}],"wp:attachment":[{"href":"https:\/\/reikinatur.com\/index.php\/wp-json\/wp\/v2\/media?parent=47"}],"curies":[{"name":"wp","href":"https:\/\/api.w.org\/{rel}","templated":true}]}}