{"id":1417,"date":"2023-10-31T15:38:17","date_gmt":"2023-10-31T14:38:17","guid":{"rendered":"https:\/\/reikinatur.com\/?page_id=1417"},"modified":"2025-08-15T11:36:29","modified_gmt":"2025-08-15T09:36:29","slug":"les-voyages-sonore","status":"publish","type":"page","link":"https:\/\/reikinatur.com\/index.php\/les-voyages-sonore\/","title":{"rendered":"Les Voyages Sonore"},"content":{"rendered":"\n<p class=\"has-text-align-center has-medium-font-size\"><strong><mark style=\"background-color:rgba(0, 0, 0, 0)\" class=\"has-inline-color has-pale-pink-color\">Un soin vibratoire profond, une immersion au c\u0153ur de soi<\/mark><\/strong><\/p>\n\n\n\n<p style=\"font-size:16px\">Le <strong>voyage sonore<\/strong> est un <strong>art th\u00e9rapeutique ancestral<\/strong>, pratiqu\u00e9 depuis des mill\u00e9naires en Inde, en Chine, en Europe et dans de nombreuses cultures \u00e0 travers le monde.<br>Utilis\u00e9 pour <strong>soulager, harmoniser<\/strong> et <strong>accompagner<\/strong> les soins, il favorise la <strong>d\u00e9tente psychologique<\/strong> et le <strong>r\u00e9alignement du corps, du mental et de l\u2019esprit<\/strong>.<\/p>\n\n\n\n<h3 class=\"wp-block-heading has-medium-font-size\"><mark style=\"background-color:rgba(0, 0, 0, 0)\" class=\"has-inline-color has-vivid-green-cyan-color\">Une exp\u00e9rience immersive<\/mark><\/h3>\n\n\n\n<p style=\"font-size:16px\">Allong\u00e9s au sol, les yeux ferm\u00e9s, vous \u00eates invit\u00e9s \u00e0 <strong>plonger dans un bain de sons<\/strong> et de vibrations.<br>Les fr\u00e9quences musicales entrent en <strong>r\u00e9sonance avec votre monde int\u00e9rieur<\/strong>, circulent \u00e0 travers le corps, lib\u00e8rent les tensions, et vous reconnectent \u00e0 votre <strong>essence profonde<\/strong>.<\/p>\n\n\n\n<p style=\"font-size:16px\">\ud83c\udfb5 <strong>Ce voyage sonore collectif<\/strong> vous invite \u00e0 un moment de calme, de recentrage et de transformation.<\/p>\n\n\n\n<h3 class=\"wp-block-heading has-medium-font-size\"><mark style=\"background-color:rgba(0, 0, 0, 0)\" class=\"has-inline-color has-vivid-green-cyan-color\">Bienfaits du voyage sonore<\/mark><\/h3>\n\n\n\n<p style=\"font-size:16px\">Le voyage sonore agit sur <strong>tous les plans de l\u2019\u00eatre<\/strong> :<\/p>\n\n\n\n<ul class=\"wp-block-list\">\n<li style=\"font-size:16px\">physique : les os, les organes, les cellules<\/li>\n\n\n\n<li style=\"font-size:16px\">\u00e9motionnel : lib\u00e9ration des n\u0153uds et tensions<\/li>\n\n\n\n<li style=\"font-size:16px\">mental : apaisement du flot des pens\u00e9es<\/li>\n\n\n\n<li style=\"font-size:16px\">\u00e9nerg\u00e9tique : r\u00e9alignement et activation de l\u2019\u00e9nergie vitale<\/li>\n\n\n\n<li style=\"font-size:16px\">spirituel : reconnexion \u00e0 soi, ouverture de conscience<\/li>\n<\/ul>\n\n\n\n<p style=\"font-size:16px\">Il aide \u00e0 :<br>\u2705 \u00catre plus <strong>pr\u00e9sent<\/strong> et <strong>ancr\u00e9<\/strong><br>\u2705 D\u00e9velopper son <strong>intuition<\/strong><br>\u2705 Retrouver sa <strong>l\u00e9g\u00e8ret\u00e9<\/strong> et son <strong>\u00e9quilibre int\u00e9rieur<\/strong><\/p>\n\n\n\n<p style=\"font-size:16px\">C\u2019est un soin vibratoire, une forme de <strong>m\u00e9ditation sonore<\/strong> qui ouvre un espace de transformation profonde.<\/p>\n\n\n\n<h3 class=\"wp-block-heading has-medium-font-size\"><mark style=\"background-color:rgba(0, 0, 0, 0)\" class=\"has-inline-color has-vivid-green-cyan-color\">Une musique qui soigne<\/mark><\/h3>\n\n\n\n<p style=\"font-size:16px\">Les instruments utilis\u00e9s sont choisis pour leur <strong>qualit\u00e9 vibratoire et th\u00e9rapeutique<\/strong>. Ils produisent un <strong>massage sonore subtil<\/strong>, atteignant des zones profondes du corps et de l\u2019inconscient.<\/p>\n\n\n\n<p style=\"font-size:16px\">\ud83e\uddd8\u200d\u2640\ufe0f <strong>Instruments utilis\u00e9s<\/strong> :<\/p>\n\n\n\n<ul class=\"wp-block-list\">\n<li style=\"font-size:16px\">Bols tib\u00e9tains<\/li>\n\n\n\n<li style=\"font-size:16px\">Bols de cristal<\/li>\n\n\n\n<li style=\"font-size:16px\">Carillons Koshi<\/li>\n\n\n\n<li style=\"font-size:16px\">Voix<\/li>\n\n\n\n<li style=\"font-size:16px\">Tambour<\/li>\n\n\n\n<li style=\"font-size:16px\">Clochettes&#8230;<\/li>\n<\/ul>\n\n\n\n<p style=\"font-size:16px\">Ces sons sont cr\u00e9\u00e9s dans un <strong>dialogue de c\u0153ur \u00e0 c\u0153ur<\/strong> entre le praticien et le groupe. Ensemble, ils forment un <strong>paysage sonore<\/strong> qui transporte, nettoie, lib\u00e8re, et nourrit l\u2019\u00e2me.<\/p>\n\n\n\n<h3 class=\"wp-block-heading\"><mark style=\"background-color:rgba(0, 0, 0, 0)\" class=\"has-inline-color has-vivid-green-cyan-color\">Informations pratiques<\/mark><\/h3>\n\n\n\n<p style=\"font-size:16px\">\ud83d\udd70 <strong>Dur\u00e9e de l\u2019atelier<\/strong> : 1h30<\/p>\n\n\n\n<ul class=\"wp-block-list\">\n<li style=\"font-size:16px\">1h00 de voyage sonore<\/li>\n\n\n\n<li style=\"font-size:16px\">30 min d\u2019\u00e9change autour des ressentis et de la pr\u00e9sentation des instruments<\/li>\n<\/ul>\n\n\n\n<p style=\"font-size:16px\"><\/p>\n","protected":false},"excerpt":{"rendered":"<p>Un soin vibratoire profond, une immersion au c\u0153ur de soi Le voyage sonore est un art th\u00e9rapeutique ancestral, pratiqu\u00e9 depuis des mill\u00e9naires en Inde, en Chine, en Europe et dans de nombreuses cultures \u00e0 travers le monde.Utilis\u00e9 pour soulager, harmoniser et accompagner les soins, il favorise la d\u00e9tente psychologique et le r\u00e9alignement du corps, du mental et de l\u2019esprit. Une exp\u00e9rience immersive Allong\u00e9s au sol, les yeux ferm\u00e9s, vous \u00eates invit\u00e9s \u00e0 plonger dans un bain de sons et de vibrations.Les fr\u00e9quences musicales entrent en r\u00e9sonance avec votre monde int\u00e9rieur, circulent \u00e0 travers le corps, lib\u00e8rent les tensions, et vous reconnectent \u00e0 votre essence profonde. \ud83c\udfb5 Ce voyage sonore collectif vous invite \u00e0 un moment de calme, de recentrage et de transformation. Bienfaits du voyage sonore Le voyage sonore agit sur tous les plans de l\u2019\u00eatre : Il aide \u00e0 :\u2705 \u00catre plus pr\u00e9sent et ancr\u00e9\u2705 D\u00e9velopper son intuition\u2705 Retrouver&hellip;<\/p>\n<p> <a class=\"more-link\" href=\"https:\/\/reikinatur.com\/index.php\/les-voyages-sonore\/\">Read more<\/a><\/p>\n","protected":false},"author":1,"featured_media":0,"parent":0,"menu_order":0,"comment_status":"closed","ping_status":"closed","template":"","meta":{"footnotes":""},"class_list":["post-1417","page","type-page","status-publish"],"_links":{"self":[{"href":"https:\/\/reikinatur.com\/index.php\/wp-json\/wp\/v2\/pages\/1417","targetHints":{"allow":["GET"]}}],"collection":[{"href":"https:\/\/reikinatur.com\/index.php\/wp-json\/wp\/v2\/pages"}],"about":[{"href":"https:\/\/reikinatur.com\/index.php\/wp-json\/wp\/v2\/types\/page"}],"author":[{"embeddable":true,"href":"https:\/\/reikinatur.com\/index.php\/wp-json\/wp\/v2\/users\/1"}],"replies":[{"embeddable":true,"href":"https:\/\/reikinatur.com\/index.php\/wp-json\/wp\/v2\/comments?post=1417"}],"version-history":[{"count":6,"href":"https:\/\/reikinatur.com\/index.php\/wp-json\/wp\/v2\/pages\/1417\/revisions"}],"predecessor-version":[{"id":1820,"href":"https:\/\/reikinatur.com\/index.php\/wp-json\/wp\/v2\/pages\/1417\/revisions\/1820"}],"wp:attachment":[{"href":"https:\/\/reikinatur.com\/index.php\/wp-json\/wp\/v2\/media?parent=1417"}],"curies":[{"name":"wp","href":"https:\/\/api.w.org\/{rel}","templated":true}]}}